e
Let o(z) = -z**2 - 37*z - 138. Let x be o(-43). Suppose 3 = 3*p + 12. Is ((-20)/12)/((-4)/x*p) composite?
True
Let a be (-27)/(-5) - 4/10. Suppose 7*s + 5*q = 4*s + 9202, -5*q - 15350 = -a*s. Suppose 5*t - s = -2*v, t - 417 - 190 = 3*v. Is t composite?
False
Suppose -47*t = -370 - 6. Is (t - (-18)/4)*15446/5 a prime number?
False
Suppose 18*o = 7*o. Suppose 16*m - 8*m - 17816 = o. Is m prime?
False
Suppose -17697368 = -19*i + 24789762 - 4795329. Is i a composite number?
True
Suppose 0 = -3*r + w + 23, 2 = -8*w + 10*w. Suppose -r*b + 7434 = 10*b. Is b a composite number?
True
Suppose -1097*t - 20375 = -1099*t + 28343. Is t prime?
True
Suppose -4*w - 16 = 0, -2*b + w = -5*b + 11. Suppose -5*q - 4 = -5*i + i, -5*q = b*i - 50. Suppose 5025 = 4*n + y - i*y, -y - 1 = 0. Is n a composite number?
True
Suppose -18351*i + 18328*i + 1659611 = 0. Is i a composite number?
True
Suppose 5655150 + 168269 = 7*i. Is i composite?
False
Let o(b) = -b**2 - 67*b + 155443. Is o(0) a prime number?
True
Let h(r) be the third derivative of 0 + 0*r - 11/24*r**4 - 19*r**2 + 7/3*r**3 + 23/60*r**5. Is h(-11) a composite number?
True
Suppose -x - 2812 = -3*x. Suppose 11*m = -1421 - x. Let b = 330 - m. Is b a composite number?
False
Suppose -12 = -5*t - 2*h, 4*t = -0*h + 4*h + 4. Let r be t/5 + 68334/15 + 1. Suppose 0 = 4*k - r - 95. Is k a composite number?
False
Is (-38)/266 + 8/(-14)*-271658 prime?
False
Let g(h) = -281*h - 9. Let t(p) = -280*p - 9. Let u(r) = -3*g(r) + 4*t(r). Is u(-10) prime?
False
Suppose q - 14 = -4*z - q, 2*z - 3*q = 19. Let o(i) = 3*i - 12. Let n be o(z). Suppose -2*a + n = -a, -4559 = -5*w + 2*a. Is w composite?
True
Let m = -307 + 164. Suppose -14*n + 1233 = -2295. Let s = m + n. Is s a composite number?
False
Let y = 7 - 7. Suppose y = -g + 112 + 669. Suppose -n - g = -2*n. Is n prime?
False
Let k(w) = 11*w**2 - 52*w + 448. Is k(31) prime?
False
Let r(h) = -18682*h**3 - 11*h**2 - 7*h + 3. Is r(-2) prime?
False
Suppose 7 = -3*i - 8, -3*i = -3*a + 30. Suppose 2*p + 19963 = a*c, 2*c = 6*c - p - 15968. Is c composite?
True
Let w(j) = 48*j**2 - 3*j + 5. Suppose 2*q = 26 - 18. Let l be q/26 + (-24)/(-13). Is w(l) prime?
True
Is (435172 - 69)*2/2 composite?
False
Suppose 0 = -54*n + 72*n. Suppose -5*r - 11*r + 178960 = n. Is r composite?
True
Suppose -27 = -4*w - 5*w. Is 8 + -8 + 83*w composite?
True
Is (-1)/13 + (-49531132)/(-182) composite?
True
Let v(q) = -5*q + 35*q**2 + q**3 - 9*q**2 + 6 - 21*q**2. Let m be v(-6). Suppose -5*a + 1210 + 3995 = m. Is a a prime number?
False
Let h(c) = -40*c**3 - 3*c - 13. Let g be h(3). Let k = 1203 - g. Is k a composite number?
True
Let r = 8730 - -8825. Suppose -r = -27*f + 22*f. Is f a composite number?
False
Suppose 0 = 5*v + 28*v + 330. Is (-11765)/(-25) + -1 - (-6)/v composite?
True
Let l = -39 - -52. Let w(v) = 11*v**2 - 2*v + 4. Is w(l) a composite number?
True
Suppose 222*h - 62646781 + 8098939 = 0. Is h prime?
True
Let q = -84899 - -119434. Suppose -49*p = -54*p + q. Is p a prime number?
True
Let u(q) = 66*q**2 - 6*q - 1. Suppose 0 = -7*o - 46 - 3. Let p be u(o). Suppose p = 2*b - 1947. Is b a composite number?
True
Let b = 15163 + -892. Let d = b + -5348. Is d composite?
False
Let q = -45 - -48. Suppose -q*r + 20 = 2*g, 4*g - 10 = -5*r + 26. Suppose y = 2*o - 239, -602 = -4*o - o + g*y. Is o a prime number?
False
Let s be (-49)/(-4) + (0 - 2/8). Let a(x) = 10 - s - 288*x - 9. Is a(-3) prime?
True
Suppose -6*k = 3*k - 15309. Let d = k + 3446. Is d composite?
False
Suppose x = 2*i + 1787 + 487, -3*i = 4*x + 3400. Let w = -127 - i. Is w prime?
True
Let k = 2872928 - 2031193. Is k composite?
True
Suppose 5*d = 4*p - 91, 5*d + 76 - 4 = 3*p. Let h = -17 + p. Suppose h*a = 29 + 13. Is a a prime number?
False
Let j = 770 + 5849. Is j composite?
False
Let o be 14/(-42) - (-13384)/(-6). Let z = 6798 - o. Is z prime?
True
Let q = 112393 + -80105. Let p = q - 22045. Is p prime?
True
Suppose 0 = -27*h + 151165 - 27181. Let b = h - 2754. Is b a composite number?
True
Let o(k) = -4612*k + 6. Let w be o(1). Is 7 + (-4)/1 - w composite?
True
Let v = 509228 + -296401. Is v prime?
True
Let v(p) be the second derivative of p**4/3 - 13*p**3/6 - 31*p**2 + 7*p - 11. Is v(-45) a prime number?
True
Suppose -5*c + 4*c = -5. Let b be (-300)/(-84) - (-20)/14. Suppose 2*j = 4*g - 1354, -9*g = -b*g + c*j - 1333. Is g a prime number?
True
Let y = -45 - -46. Let m be (-3429)/2 - y/(-2). Is 12/(-48) + m/(-8) prime?
False
Let w = -49634 - -75369. Is w composite?
True
Let o = -2298 - -4355. Is o/4 - (-108)/144 a composite number?
True
Suppose -5*t - 4*l = -10820 + 4027, 0 = -2*t + 2*l + 2728. Suppose t = 9*i - 8*i. Is i prime?
True
Suppose 41073 = -g + 160676. Is 3 + (-165)/57 + g/19 prime?
False
Let p be 1 + (-3346)/(4/((-8)/(-2))). Let a = 1202 - p. Is a prime?
True
Let y = 7758 + 1731. Let n = y + -5658. Is n prime?
False
Let n be (-17)/(1 - 0) - 0. Let g = -1665 - -1663. Is n*(g - -125)/(-3) prime?
False
Suppose -25*s + 25*s - 16*s + 677168 = 0. Is s a composite number?
False
Is ((-34)/10 - (-8)/2) + 659424/60 prime?
False
Let b(a) be the second derivative of 1/2*a**3 - 25/2*a**2 + 7*a + 0 + 1/4*a**4. Is b(-17) composite?
True
Suppose 49*t - 73090913 = -51*t - 27*t. Is t prime?
False
Let m be (2/6)/(1/30). Let z = m + 17. Is 58/18 + -3 - (-31557)/z composite?
True
Is ((-6)/(-9))/(49296186/6162021 - 8) composite?
False
Let a = 27882 + 22535. Is a a prime number?
True
Suppose 2*g = 5*k + 29, -3*g - k + 6*k = -31. Is -1901*4*g/(-8) prime?
True
Let t = 44947 + -103771. Let u = -21487 - t. Is u prime?
True
Let r = 6057 - -86. Is r composite?
False
Let y be (5/(-10))/(3/(-12)). Suppose -50 = 5*u + 4*s, 3*s + 20 = -y*u + 2*s. Let q = 117 - u. Is q a prime number?
True
Suppose 48*m + 33*m + 34*m - 2343815 = 0. Is m a prime number?
False
Is (1/5*336442)/((-52)/20 - -3) a prime number?
False
Let b(l) = 1277*l - 125. Let z be b(3). Suppose x - 15828 = -g + z, 0 = -4*x - g + 78121. Is x composite?
True
Let v be 45/225 + (-182)/10. Is (-88473)/v + 5*3/(-90) a prime number?
False
Let x(m) = 2792*m**2 - 15*m - 44. Is x(9) a prime number?
False
Suppose 3*p - 4 = 2. Let t be 427/(4/36 - p/(-9)). Let w = t - 22. Is w prime?
True
Suppose 0 = -7*g + 4*g + q + 24, -33 = -5*g + 4*q. Is 1 - (-1 - (667 - (5 - g))) a composite number?
False
Suppose 317 = -4*c - 5*p, 13 = 5*p + 38. Let g = 118 - c. Is g prime?
True
Let k(u) = 3*u**2 + 6*u - 8. Let f be k(3). Let m = -37 + f. Suppose m = 2*a - 393 - 1105. Is a a composite number?
True
Suppose -3*v - 5*p - 20 = 4, -21 = 5*v + 2*p. Let r(t) be the third derivative of 169*t**5/60 + t**4/6 + t**3/3 - 344*t**2 - 4*t + 1. Is r(v) a prime number?
True
Let c(p) be the first derivative of -p**3/3 + 11*p**2/2 + 16*p + 13. Let w be c(12). Suppose v + 5*k - 930 = 437, 0 = w*v + k - 5525. Is v a composite number?
True
Suppose 128*i = -k + 126*i + 12575, 4*k - 50316 = -4*i. Is k a composite number?
False
Suppose -244*f = -145*f + 349*f - 190748992. Is f a prime number?
True
Let d be ((-3)/3)/((-4)/(-16)). Is 2 + (-1 - (-3951 - -5)) + d prime?
True
Let c = 65662 + -7775. Is c prime?
False
Let n(r) = -3*r**2 - 63*r + 1. Let u be n(-21). Is -3109*((-18)/36)/(u/2) prime?
True
Let p(m) = 3*m - 1. Let y be p(21). Let i = 67 - y. Is 4/22 - (1516/(-11) + i) composite?
True
Is 200/(-25) + 5 - -412300 composite?
True
Let n = -647 - -651. Suppose -3*w = -10*m + 9*m - 5793, -n*w + 3*m = -7724. Is w prime?
True
Suppose -130*x + 99302021 = -39*x. Is x a composite number?
True
Is (-33 - 6683717)/(-25) + -9*1 composite?
False
Let y = 22758 + 6081. Is y prime?
False
Let m(k) be the third derivative of k**5/10 - k**4/3 - 11*k**3/6 + k**2. Let l be m(-10). Is ((-2)/2)/((-3)/l*1) prime?
True
Suppose -2*x + 6 = -0. Suppose -12 = -6*u + 18 + 6. Suppose -2*v - 803 = -u*v + 3*s, -x*v + 600 = -3*s. Is v composite?
True
Let q(m) = -4*m - 16. Let c be q(13). Let o be 6 + c - 12/(-3). Let x = 91 - o. Is x composite?
False
Suppose 17*n - 3*j + 1020409 = 22*n, 0 = 5*n + 2*j - 1020416. Is n a composite number?
True
Suppose -c = 4*s - 3767, -s = -3*c - 2*s + 11246. Suppose -h + 5*b + 895 = 0, -1410 = -h - 4*b - 470. Let t = c - h. Is t a prime number?
False
Let p(l) = 246*l + 50473. Is p(0) a prime number?
False
Suppose 4*s + 5*c = 2132963, 2*c - 9 = 